(g) = 9*u(g) + 4*w(g). Let c be v(4). Let t = c - 28. List the prime factors of t.
3
Suppose n - 35 = 5*p, -4*p - 139 = -4*n + 49. List the prime factors of n.
2, 5
Let y(d) = 11*d**3 + d**2 - 2*d + 2. Let i be y(2). Suppose 0 = -7*r - i + 454. List the prime factors of r.
2, 13
Let o = 18 + -423. List the prime factors of (-3)/6 - (-1 - o/(-6)).
2, 17
Let d(w) = 4*w - 3. Let k be d(2). Suppose 4*o + 5*t = 36, k*t - t - 32 = -4*o. Suppose p = o*l + 3*p - 70, -1 = -p. What are the prime factors of l?
17
Let u(k) = -3*k**3 + 2*k**2 - 8*k + 2. Let s be u(-4). Suppose 0*h + 5*h = 3*o - 387, -2*o = 3*h - s. What are the prime factors of o?
3, 43
Let k be 4 + -1 + -32 + -1. Let u = -10 - k. What are the prime factors of u?
2, 5
Let p be (3/(-2))/(299/(-74) - -4). Suppose -b + p + 32 = x, -4*x + 84 = b. List the prime factors of b.
2
Let v(u) = 14 - u + 14*u + 2*u + 3*u. List the prime factors of v(4).
2, 43
Suppose -16*z = -15*z - 36. Suppose 3*w - 288 = z. What are the prime factors of w?
2, 3
Let f(m) = 4*m**2 - 4 - 6 + 3*m**2 + 7*m - m. What are the prime factors of f(-5)?
3, 5
List the prime factors of 651/2 + (-6)/(-4).
3, 109
Let i(r) = r + 4. Let m be i(-3). Let g be m + 24/(-1 + 3). Suppose -5*v = 4*l - 195, 67 = 3*v - 5*l - g. List the prime factors of v.
5, 7
Let q = 45 + -114. Let i = q - -290. What are the prime factors of i?
13, 17
Suppose -3*q + 8*q = 20. Suppose q*x = 2*x, -2*r = 5*x - 8. What are the prime factors of -2*((-54)/r + -3)?
3, 11
Let k = 6 + 10. Let g(h) = 10 + 6 - k + 23*h**2 + h. What are the prime factors of g(-1)?
2, 11
Let n(s) be the second derivative of 2*s**4/3 + 2*s**3/3 - 3*s**2/2 + 29*s. What are the prime factors of n(1)?
3
Let z(w) = -8*w + 2. Let j(n) = n**2 - 13*n + 23. Let c be j(10). List the prime factors of z(c).
2, 29
Let f = 821 - 418. What are the prime factors of f?
13, 31
Let x(r) = -3*r - 39. Let q be x(-16). Suppose q = t - 13. List the prime factors of t.
2, 11
What are the prime factors of ((-10)/4)/((-13)/2990)?
5, 23
Let f(o) = o**3 + 21*o**2 + 6*o - 62. List the prime factors of f(11).
2, 3, 17, 19
Let g(l) = 5*l - 38. Let j be g(8). Suppose -2*s = -0*d - d - 129, 0 = -s - j*d + 77. What are the prime factors of s?
67
Let s = -97 - -97. Suppose -321 = -2*a + o, 2*a + s*o - 4*o = 312. List the prime factors of a.
2, 3
Let s(f) = f + 3. Let h be s(-3). Suppose h = 6*b - 3*b - 9. Let w(g) = 2*g + 4. List the prime factors of w(b).
2, 5
Suppose -4*q - 428 = -4*c + 32, 0 = -4*q - 4*c - 452. Let k = q + 169. List the prime factors of k.
5, 11
Let t = -182 - -2061. What are the prime factors of t?
1879
Suppose -3*g + 2041 = 3*j - 764, -5*j - 4705 = -5*g. Suppose -g = -13*m - m. What are the prime factors of m?
67
Let o = 72 - -22. List the prime factors of o.
2, 47
Suppose -3*r - 1450 = -d + 467, -1901 = -d - r. What are the prime factors of d?
3, 5, 127
Suppose 0 = -0*o - 3*o - 2*c + 12, -2*o = 5*c - 19. Suppose -o*f + 71 + 11 = 0. Let g = -13 + f. List the prime factors of g.
2, 7
Let d(n) = -3*n**2 - 6*n - 5. Let a be d(-3). Let o = a + 18. Suppose -p + o = -14. What are the prime factors of p?
2, 3
Let s be (4/12)/(1/9). Let g(k) = 3*k**2 - k**3 - 4 - 8*k + s*k + k + 6*k. What are the prime factors of g(3)?
2
Suppose -3*y + 4*u = -0*u + 6, 3*y + 4*u - 18 = 0. Suppose 2*a + 2*s - 104 = 0, 4*s = 4*a - y*a - 74. List the prime factors of a.
47
Suppose 3*i + 54 = 3*t, -3*i + t - 35 = 27. Let b = 25 - i. What are the prime factors of b?
47
Suppose 122 = 3*j - 160. Let i = j - 35. Suppose -4*c + 3*z = -i, 0 = 2*c - z - 0*z - 31. What are the prime factors of c?
17
What are the prime factors of 3/(-9) - (12404/(-6) - -6)?
3, 229
Suppose 0 = b + c - 34, -b - 3*c = -0*b - 30. Suppose 0 = -2*n - 2*p + b, -4*p - 10 = -30. List the prime factors of n.
13
Let r(y) = -5*y + 16. Let a be r(-5). Let z = a - -42. List the prime factors of z.
83
Let d be 3/(-12)*0 + 3. Suppose 0 = -4*a - 3*p + 2, -d*a = -5*a + 4*p + 12. Suppose -3*w + 120 = a*w. List the prime factors of w.
2, 3
Let n(p) be the third derivative of p**6/360 - p**5/120 - p**4/8 - p**3/6 - 7*p**2. Let m(s) be the first derivative of n(s). List the prime factors of m(3).
3
List the prime factors of (-2)/(-3) - 220748/(-87).
2, 3, 47
Suppose -v + 2 = -s + 3, 3*v = -6. Let k(w) be the first derivative of -2*w**4 - w - 2. What are the prime factors of k(s)?
7
Suppose -5*f + g + 12 = 0, -2*g = -5*g - 6. Let q be 27/3*f/(-3). What are the prime factors of 9/q - 153/(-6)?
2, 3
Let u(f) = -63*f**3 - 2*f**2 + 9*f + 15. What are the prime factors of u(-3)?
3, 557
Let d(v) = -v**2 + 16*v + 20. Let a be d(18). Let c be (-16)/a - (-1 - 0). Suppose -3*t - c*r = -r - 186, -5*t - r = -312. List the prime factors of t.
3, 7
Suppose 0*r + 12 = 4*r. Suppose r*t - 23 = 4*t. Let m = t - -52. What are the prime factors of m?
29
Let u(s) be the third derivative of -s**4/24 + 3*s**3/2 - 2*s**2. Let k be u(6). Suppose -124 = -x - k*x. List the prime factors of x.
31
Let r(h) = 2*h**2 - 7*h - 19. Let n be r(13). Suppose 0 = -2*p + 224 + n. List the prime factors of p.
2, 113
Suppose -3*x + 18 - 3 = 0. List the prime factors of 83*(0 + x/5).
83
Let h = -15 + -11. Let n = -18 - h. List the prime factors of 74/(n/20*5).
37
Let d(t) = 2*t**3 - 7*t**2 + 15*t - 10. Let h(u) = u**2 - 10*u - 7. Let s be h(11). List the prime factors of d(s).
2, 3, 11
Suppose -2*n + 6 + 0 = 0. Suppose -2*j = n*v + 2*v - 125, 5*j - 255 = -v. Suppose -t + 3*r = -j, -2*t = -r - 14 - 66. List the prime factors of t.
2, 19
Suppose -3*q + 2 = -2*z + 6*z, 4*z + 5*q = -2. Let m = -4 + z. Let j(p) = -8*p - 5. What are the prime factors of j(m)?
11
Let f be (-4*(-3)/24)/(2/(-4)). What are the prime factors of 1153/8 + f/8?
2, 3
Let u(m) = -m - 3. Let f be u(-5). Suppose -4*j + 2*q - 40 = -2*q, 5*j + 29 = -2*q. What are the prime factors of (0 + -6)*j/f?
3, 7
Suppose 5542 = k + 112*u - 107*u, -4*k + 2*u = -22256. What are the prime factors of k?
2, 3, 103
Suppose 7*h = 6*h + 2*d + 3062, -h - 4*d + 3092 = 0. What are the prime factors of h?
2, 3
Let u(t) = 268*t - 88. What are the prime factors of u(5)?
2, 313
Let y(b) = b + 8 + b**3 - 23*b**2 + 0*b + 10*b**2 + 10*b**2. What are the prime factors of y(4)?
2, 7
Let w = -1 - -3. Suppose w*m + 3 = -3. Let v(o) = o**2 + 4*o + 5. What are the prime factors of v(m)?
2
Let b(x) = -x**3 + 2*x**2 - 4*x + 8. List the prime factors of b(-8).
2, 5, 17
Let a = 11 + 2. List the prime factors of (-15)/(-5) + a/1.
2
Let j(v) = 7*v - 55 + 45 + 23*v. List the prime factors of j(6).
2, 5, 17
Let r = -380 + 681. What are the prime factors of r?
7, 43
Suppose 0 = 5*l + 5*v - 35, -3*v + 30 = 4*l - 0*v. Let b = 141 - 100. Let p = l + b. What are the prime factors of p?
2, 5
Suppose q - 5*o = 31, -5*o = -4*q - 6*o + 40. What are the prime factors of 1536/22 + 0 + 2/q?
2, 5, 7
Let b be 1/2 - 1557/6. Let y = b + 391. List the prime factors of y.
2, 3, 11
Suppose 0 = -u + l - 4*l + 8, 3*u - 20 = -5*l. Suppose -3*o - o = 3*b + 179, -u*o = -5. Let i = b - -91. List the prime factors of i.
2, 3, 5
Let a(u) = -u**2 + 90*u - 129. List the prime factors of a(53).
2, 229
Let q(d) = 96*d**2 - d. Let j be q(1). Let z = -40 + j. What are the prime factors of z?
5, 11
Suppose 0 = 10*b - 14*b - 264. Let v = 47 - -98. Let o = v + b. What are the prime factors of o?
79
Suppose -1700 = -9*v + 4*v. Suppose -8*j + v = -3*j. List the prime factors of j.
2, 17
Suppose -7*r = 5*y - 6*r - 2427, 0 = -2*r + 4. Suppose -7*g + y = -2*g. What are the prime factors of g?
97
Let i(a) = 7*a**3 - 11*a**2 - 24*a + 24. What are the prime factors of i(6)?
2, 3, 83
Let b = -96 + 163. Let a(d) = -d**2 + 9*d + 10. Let k be a(11). Let w = b + k. What are the prime factors of w?
5, 11
Let h = -435 + 1209. What are the prime factors of h?
2, 3, 43
Suppose -40*s + 51146 = 4466. List the prime factors of s.
3, 389
Suppose -41 = 3*f - 2*d + d, d - 26 = 2*f. Let s = -26 - f. What are the prime factors of 0 - s - (-18)/6?
2, 7
Let t be 5/5*-4 + 9. Suppose t*i = 44 - 14. What are the prime factors of i?
2, 3
Suppose -5*t + 6877 = 3*d - 5070, 0 = -2*t + 3*d + 4762. List the prime factors of t.
7, 11, 31
Suppose 0 = 4*k - 5*h + 35, -5*h = 3*k - 0*h. What are the prime factors of (72 - k) + (0 - 0)?
7, 11
Suppose 2*b - 20 = -2*q,